127).
0
Let v(j) = -j**3 - 11*j**2 - 23*j - 9. Give v(-8).
-17
Let n(y) = y**3 + 5*y**2 - 55*y - 35. Determine n(-10).
15
Let m(j) = -j**2 + 136*j + 14991. What is m(-72)?
15
Let u(m) = m**2 + 42*m - 844. Give u(13).
-129
Let s(h) = 4*h**2 - 340*h + 985. Calculate s(82).
1
Let v(m) = -3*m**2 - 25*m + 180. What is v(-13)?
-2
Let l(n) = n**3 - 7*n**2 + 79*n - 276. Calculate l(4).
-8
Let u(x) = -x**2 + 43*x + 458. What is u(51)?
50
Let x(q) = 2*q**2 - 110*q + 7. Calculate x(55).
7
Let c(z) = 3*z**2 + 92*z + 159. Determine c(-29).
14
Let w(d) = d**3 + 17*d**2 - 39*d + 55. Determine w(-20).
-365
Let z(w) = -w**3 + 16*w**2 - 51*w - 70. What is z(10)?
20
Let i(t) = -66*t**2 + 155*t - 54. Calculate i(2).
-8
Let i(t) = 9*t**2 - 71*t + 72. Give i(1).
10
Let p(i) = 30*i - 33. Determine p(-4).
-153
Let i(t) = t**3 + 32*t**2 + 163*t + 111. Determine i(-25).
411
Let c(m) = -29*m - 514. What is c(-16)?
-50
Let o(a) = 13*a**3 + 2*a**2 + 9*a - 10. Give o(1).
14
Let b(s) = s + 19. Determine b(-47).
-28
Let w(y) = -2*y**2 + 138*y + 138. Calculate w(-1).
-2
Let m(s) = -306*s**2 - 8*s + 8. Give m(1).
-306
Let k(a) = -a**3 - 11*a**2 - 23*a + 6. Determine k(-4).
-14
Let f(u) = 73*u + 614. Determine f(2).
760
Let c(n) = 5*n + 122. Give c(-13).
57
Let n(g) = 4184*g + 41851. Determine n(-10).
11
Let i(p) = p**3 + 31*p**2 + 225*p + 31. What is i(-20)?
-69
Let g(r) = r**3 - 70*r**2 - 296*r + 11. Calculate g(74).
11
Let m(f) = 6*f**2 - 17*f - 136. Give m(-8).
384
Let q(n) = -n**3 + 3*n**2 + 28*n - 12. Calculate q(-5).
48
Let o(y) = 80*y**3 + 1759*y**2 - 24*y - 26. Calculate o(-22).
18
Let t(o) = 76*o - 907. Calculate t(12).
5
Let w(g) = -2*g**2 - 25*g - 61. Determine w(-10).
-11
Let b(z) = -2*z**2 + 64*z + 39. Give b(28).
263
Let k(i) = -256*i - 17939. What is k(-70)?
-19
Let f(w) = 20*w + 2137. Give f(-112).
-103
Let s(t) = 6*t**2 + 4*t + 20. Give s(6).
260
Let a(b) = 16*b**2 - 108*b - 946. Calculate a(-5).
-6
Let o(z) = -z**3 + z**2 + 24*z - 19. Give o(5).
1
Let a(b) = 12*b**2 + 61*b - 10. What is a(-5)?
-15
Let y(j) = -2*j**3 - 5*j**2 + 6*j - 27. What is y(-7)?
372
Let s(c) = 5*c**2 + 24*c + 21. What is s(-3)?
-6
Let d(x) = -x**3 + 53*x**2 + 232*x + 114. What is d(57)?
342
Let a(h) = h**2 - 975*h + 8700. What is a(9)?
6
Let r(o) = 2*o**3 - 13*o**2 + 167*o - 961. Calculate r(6).
5
Let c(z) = 780*z - 1666. Calculate c(2).
-106
Let t(z) = -598*z + 2006. Determine t(3).
212
Let a(k) = -3555*k - 42668. Give a(-12).
-8
Let a(b) = -47*b - 436. Give a(-10).
34
Let y(x) = -20*x + 247. Give y(64).
-1033
Let g(f) = f**3 + 8*f**2 - 9*f + 7. Calculate g(7).
679
Let w(l) = -17*l + 81. What is w(11)?
-106
Let d(l) = l**3 + 205*l**2 - 538*l + 17890. Determine d(-208).
2
Let u(i) = 9*i - 269. Give u(47).
154
Let i(m) = -m**2 + 32*m - 270. Determine i(15).
-15
Let o(s) = 139*s - 18. Give o(0).
-18
Let p(i) = -2*i**2 - 22*i + 15. Determine p(-14).
-69
Let h(o) = -25*o**2 - 3*o + 10. What is h(2)?
-96
Let n(m) = m**2 + 23*m + 32. What is n(-16)?
-80
Let g(c) = 7*c**2 - 337*c + 3192. Give g(13).
-6
Let a(h) = -h**3 + 19*h**2 - 38*h + 368. Determine a(18).
8
Let v(f) = 61*f + 362. Calculate v(-4).
118
Let z(l) = 2*l**2 - 837*l - 6775. What is z(-8)?
49
Let g(h) = 2*h**2 - 22*h - 34. Calculate g(16).
126
Let x(q) = -5*q**2 + 185*q + 2096. Give x(-11).
-544
Let b(q) = 73*q + 188. Determine b(-5).
-177
Let i(r) = -7*r**3 - 2*r**2 + 5*r + 38. Calculate i(0).
38
Let o(k) = -2*k**2 - 28*k - 71. What is o(-5)?
19
Let w(v) = -2*v**2 - 31*v + 107. Calculate w(-26).
-439
Let i(o) = 3*o**3 + 117. Give i(6).
765
Let b(d) = -24*d - 168. What is b(-11)?
96
Let o(v) = -6*v + 157. Calculate o(28).
-11
Let f(o) = o**3 + 20*o**2 + 22*o + 239. Give f(-20).
-201
Let z(w) = w**2 + 323*w - 17. What is z(0)?
-17
Let p(y) = 46*y - 5874. Calculate p(128).
14
Let j(f) = -2*f**2 + 2*f + 298. Give j(-17).
-314
Let k(p) = 389*p**3 + 7*p**2 - 4*p + 2. Determine k(1).
394
Let j(r) = r**3 + 12*r**2 + 37*r - 12. Calculate j(-4).
-32
Let u(v) = -5*v**2 - 65*v + 135. Give u(2).
-15
Let m(b) = 3*b**2 - 824*b + 4123. Give m(5).
78
Let q(k) = 4*k**3 - 47*k**2 - 8*k - 29. Give q(12).
19
Let r(n) = -4*n**2 - 33*n + 79. Give r(6).
-263
Let k(r) = -12*r - 188. Determine k(-16).
4
Let i(w) = w**3 - w**2 + 17*w + 39. Calculate i(-2).
-7
Let o(i) = -2*i**2 - 101*i - 215. Determine o(-49).
-68
Let t(z) = -z**2 - 4*z + 61. Give t(-9).
16
Let h(f) = -41*f**2 + 280*f + 4. Give h(7).
-45
Let w(x) = 24*x**2 - 2*x + 3. Determine w(0).
3
Let a(t) = 17426*t + 400803. Calculate a(-23).
5
Let x(t) = 305*t - 88456. Give x(290).
-6
Let a(h) = -h**3 - 20*h**2 + 19*h - 58. Calculate a(-21).
-16
Let i(g) = 3*g**2 + 97*g + 23. Determine i(-36).
419
Let v(m) = -3*m**3 + 75*m**2 - 62*m - 231. Determine v(24).
9
Let c(r) = -r**3 + 95*r**2 - 93*r - 93. Determine c(94).
1
Let j(k) = -2*k**3 - 28*k**2 + 93*k + 17. Calculate j(-17).
170
Let y(o) = o**3 - 72*o**2 + 83*o - 850. Determine y(71).
2
Let h(b) = -12*b + 248. Give h(21).
-4
Let b(i) = 5*i**3 + 26*i**2 - 18*i + 8. Determine b(-6).
-28
Let v(n) = -165*n - 7890. Determine v(-48).
30
Let r(g) = 3*g**2 - 11*g - 4. What is r(12)?
296
Let s(n) = -5*n**3 + 5*n**2 - 15*n + 34. Give s(3).
-101
Let q(u) = 4*u**2 + 71*u + 409. Give q(-8).
97
Let k(f) = 532*f + 10106. Calculate k(-19).
-2
Let o(i) = -31*i + 64. Calculate o(-7).
281
Let t(x) = -x**3 + 6*x**2 - 9*x + 34. Calculate t(4).
30
Let c(i) = -i**2 - 18*i - 69. What is c(-14)?
-13
Let n(v) = v**3 + 7*v**2 - 19*v - 39. What is n(-7)?
94
Let v(l) = l**3 - 45*l**2 + 167*l - 159. Give v(41).
-36
Let s(r) = 94*r + 3569. Determine s(-39).
-97
Let h(y) = 252*y + 973. Calculate h(-4).
-35
Let u(x) = -44*x - 1532. What is u(-34)?
-36
Let b(i) = -591*i + 3588. What is b(6)?
42
Let x(o) = -71*o**2 - 3*o + 3. Determine x(1).
-71
Let n(t) = -2*t**2 + 4*t - 30. What is n(-9)?
-228
Let j(t) = -3*t**2 - 67*t + 11. Give j(-22).
33
Let k(b) = -b**3 + 25*b**2 - 74*b + 643. Calculate k(23).
-1
Let w(q) = 10*q**3 - 2*q**2 + 6*q + 6. Determine w(-3).
-300
Let v(k) = -k**3 + 2*k**2 + 5*k + 116. Determine v(6).
2
Let v(h) = -2*h**3 - h**2 - 94*h + 48. Give v(0).
48
Let w(g) = 5*g**3 + g**2 - 9*g + 6. Determine w(2).
32
Let v(a) = -3*a**2 + 133*a + 263. What is v(-2)?
-15
Let z(d) = -d**3 - 221*d**2 - 444*d - 1306. Give z(-219).
8
Let v(n) = 3*n**3 - 34*n**2 - 103*n - 124. Calculate v(14).
2
Let j(w) = -33*w**2 + 186*w - 210. Determine j(4).
6
Let m(y) = -2*y**3 - 41*y**2 - 5*y - 71. Calculate m(0).
-71
Let d(m) = 6*m**2 - 34*m - 156. What is d(-3)?
0
Let y(f) = -174*f + 8. What is y(-2)?
356
Let y(d) = 291*d - 3786. Determine y(13).
-3
Let b(y) = y**3 - 60*y**2 - 128*y + 61. What is b(62)?
-187
Let a(q) = 21*q + 541. Give a(-33).
-152
Let p(v) = -v**3 + 9*v**2 - 8*v + 14. What is p(3)?
44
Let t(b) = 2*b + 49. Determine t(-68).
-87
Let q(g) = -2*g**2 + 80*g - 664. Give q(12).
8
Let c(o) = -30*o - 41. Give c(-4).
79
Let g(n) = -5*n**2 - 1226*n - 2456. Give g(-2).
-24
Let u(g) = 3*g**2 - g - 119. Calculate u(11).
233
Let x(q) = -q**3 - 23*q**2 + 18*q + 493. What is x(-23)?
79
Let r(t) = 5*t**3 - t**2 - 7*t - 4. Give r(-2).
-34
Let z(d) = -386*d + 163290. Determine z(423).
12
Let c(h) = -22*h - 99. Determine c(-6).
33
Let z(i) = -i**3 - 18*i**2 + 76*i + 1080. Calculate z(-19).
-3
Let d(b) = -38*b + 1335. Give d(39).
-147
Let o(c) = 5*c - 105. Determine o(4).
-85
Let h(p) = -233*p + 2110. Calculate h(9).
13
Let h(s) = 2*s**3 + 66*s**2 - 300*s - 191. What is h(-37)?
-43
Let z(t) = -106*t + 742. What is z(7)?
0
Let m(q) = -7*q**3 - 2*q**2 - 42*q - 88. What is m(-2)?
44
Let n(v) = -3*v**2 - 26*v + 82. What is n(3)?
-23
Let v(q) = 147*q - 2801. Give v(19).
-8
Let t(n) = 4*n**2 - 13*n + 9. What is t(-5)?
174
Let u(g) = -12*g**3 - 2*g**2 - 17*g - 16. What is u(-3)?
341
Let k(g) = g**3 - 20*g**2 + 21*g - 30. Calculate k(19).
8
Let b(a) = -7*a**2 - 22*a - 47. Determine b(-3).
-44
Let c(w) = 155*w + 16970. Determine c(-110).
-80
Let j(v) = 24*v - 153. What is j(4)?
-57
Let j(q) = 18184*q - 72736. Calculate j(4).
0
Let k(a) = -38*a + 675. Give k(17).
29
Let n(j) = 2*j**2 - 11*j - 573. Determine n(-14).
-27
Let c(s) = s**2 - 11*s + 25. Give c(10).
15
Let u(w) = w**2 - 13*w + 36. Calculate u(19).
150
Let d(l) = 10*l**2 + 46*l - 1. Calculate d(-5).
19
Let a(x) = 1255*x - 84083. What is a(67)?